q(o) = -19*o**2 - 18*o + 19. Give q(1).
-18
Let w(i) = -7*i - 213. Determine w(-25).
-38
Let q(t) = 5*t + 10. What is q(-3)?
-5
Let z(s) = s**2 + 11*s + 10. Give z(-11).
10
Let t(k) = 2*k**2 - 3*k - 10. What is t(-2)?
4
Let s(x) = -4*x - 15. Calculate s(-3).
-3
Let i(o) = o**3 - 7*o**2 + 7*o - 3. What is i(7)?
46
Let h(l) = 3*l**3 + 3*l**2 + 3*l + 7. What is h(-3)?
-56
Let p(w) = -w**2 - 20*w - 87. Calculate p(-8).
9
Let i(d) = 7*d - 2. What is i(5)?
33
Let m(i) = 4*i**2 + 1. Give m(-1).
5
Let t(x) = -x**3 - 19*x**2 + 19*x - 39. What is t(-20)?
-19
Let g(z) = -35*z + 1. What is g(1)?
-34
Let h(a) = -36*a - 336. Calculate h(-9).
-12
Let a(y) = 5*y. What is a(-1)?
-5
Let g(k) = k**2 + 3*k - 3. What is g(2)?
7
Let g(x) = x**3 + 13*x**2 - 3*x - 43. What is g(-13)?
-4
Let s(h) = h**3 + 16*h**2 + 14*h - 11. Calculate s(-15).
4
Let a(u) = 5*u - 63. Calculate a(11).
-8
Let b(a) = a**2 + 11*a + 7. Calculate b(-11).
7
Let r(a) = -a**2 - 2*a - 26. Determine r(0).
-26
Let p(g) = g**3 - 8*g**2 + 19*g - 15. Give p(6).
27
Let j(z) = -z**3 - z**2 + 4*z + 3. Calculate j(-3).
9
Let v(a) = a**2 - 40*a - 92. Calculate v(42).
-8
Let r(m) = -m**2 + 10*m + 3. Give r(10).
3
Let g(d) = -2*d**2 + 4*d + 4. Determine g(5).
-26
Let q(w) = 2*w**2 - 2*w. Determine q(3).
12
Let y(z) = z + 11. Determine y(-10).
1
Let d(i) = -19*i**2 + 3*i + 4. Give d(-2).
-78
Let f(w) = -w**3 - 6*w**2 + 3*w + 5. Determine f(-3).
-31
Let t(l) = -l**3 + l**2 + l + 11. Give t(0).
11
Let y(l) = 2*l + 3. What is y(4)?
11
Let k(h) = -72*h + 2. What is k(1)?
-70
Let a(j) = j**2 - 10*j - 35. Give a(16).
61
Let h(s) = 7*s + 159. Calculate h(-26).
-23
Let j(m) = 2*m**2 - 3*m - 19. What is j(5)?
16
Let n(a) = a**2 + 5*a + 4. Calculate n(-5).
4
Let p(d) = d**3 - 14*d**2 + 12*d + 22. What is p(13)?
9
Let x(y) = y**3 + 2*y**2 - 5*y + 3. What is x(-3)?
9
Let s(z) = 2*z**2 + 10*z + 1. What is s(-5)?
1
Let z(a) = -a**3 + 18*a**2 - 16*a - 2. Calculate z(17).
15
Let s(p) = -31*p**2 + 2*p + 2. Give s(-1).
-31
Let x(c) = -c**3 - 7*c**2 + 20*c + 19. Determine x(-9).
1
Let j(z) = -186*z + 1305. Determine j(7).
3
Let x(p) = -p**3 - 15*p**2 + 14*p - 32. Calculate x(-16).
0
Let d(q) = -q**3 - 7*q**2 + 18*q - 5. Determine d(-9).
-5
Let h(g) = -g - 18. Determine h(-8).
-10
Let j(y) = -y**2 - 5*y + 2. Determine j(-3).
8
Let c(b) = -2*b**2 - 10*b - 5. What is c(-8)?
-53
Let d(y) = -17*y + 41. What is d(2)?
7
Let c(j) = -j**2 - 8*j - 6. Give c(-3).
9
Let p(x) = 89*x + 434. What is p(-5)?
-11
Let y(h) = 65*h + 1098. Calculate y(-17).
-7
Let h(w) = -w**3 + 8*w**2 + 6*w + 31. Determine h(9).
4
Let h(y) = -165*y - 668. Give h(-4).
-8
Let u(t) = -t**2 - 5*t + 17. What is u(-7)?
3
Let w(z) = -10*z + 47. Calculate w(-4).
87
Let w(v) = 6*v**2 + 38*v + 12. Calculate w(-6).
0
Let p(m) = -4*m - 23. What is p(-14)?
33
Let y(p) = p**3 + 10*p**2 - 5*p + 56. Calculate y(-11).
-10
Let z(a) = a**2 + 19*a - 5. Determine z(-19).
-5
Let t(y) = -y**3 + 6*y**2. What is t(6)?
0
Let f(q) = q**2 + 26*q - 41. What is f(-28)?
15
Let a(u) = 10*u + 2. What is a(1)?
12
Let o(q) = -2*q + 3. Give o(2).
-1
Let l(m) = m**3 + 27*m**2 - 56*m + 62. What is l(-29)?
4
Let o(g) = -g**3 + g**2 + 6*g - 2. Give o(4).
-26
Let a(j) = j**2 + 4*j - 168. What is a(-15)?
-3
Let d(a) = 13*a + 1. What is d(-2)?
-25
Let l(p) = -2*p**2 + 36*p - 46. Determine l(17).
-12
Let l(g) = 7*g**3 + g + 1. Give l(-1).
-7
Let m(b) = -3*b**2 - 4*b - 6. Give m(-3).
-21
Let t(j) = j**3 - 17*j**2 - 20*j + 31. What is t(18)?
-5
Let l(n) = -n**3 - 9*n**2 + 10*n + 1. Determine l(-10).
1
Let r(a) = -a**3 - 9*a**2 - 19*a - 13. Determine r(-6).
-7
Let o(c) = -2*c**2 + 5*c - 6. Determine o(6).
-48
Let r(o) = o**3 - 7*o**2 + 7*o - 7. What is r(4)?
-27
Let c(p) = -p. Determine c(9).
-9
Let o(c) = c**3 - 2*c**2 + 4*c - 2. What is o(3)?
19
Let v(d) = -2*d - 2. Give v(4).
-10
Let d(t) = 41*t - 248. Give d(6).
-2
Let r(x) = -x**2 + 25*x + 72. Give r(26).
46
Let y(r) = r**2 - 11*r + 13. Determine y(10).
3
Let s(h) = -h**3 - 7*h**2 - 7*h - 8. Determine s(-7).
41
Let h(m) = -m**3 + 12*m**2 - 29*m - 3. What is h(6)?
39
Let a(w) = w**3 + 7*w**2 + 6*w - 39. Determine a(-4).
-15
Let q(l) = -l**2 + 4*l + 98. Calculate q(-11).
-67
Let t(b) = -b**3 + 8*b**2 + 7*b + 2. Give t(9).
-16
Let t(m) = -m**2 + 6*m + 7. Give t(-4).
-33
Let h(v) = v + 25. Determine h(-44).
-19
Let c(b) = b**2 + 4*b + 7. Give c(-7).
28
Let d(c) = c**2 + 28*c - 7. Calculate d(-26).
-59
Let t(w) = 2*w**2 - w + 2. What is t(4)?
30
Let c(v) = 7*v - 4. Determine c(3).
17
Let r(x) = -36*x - 9. Calculate r(-1).
27
Let m(z) = z - 2. Calculate m(-6).
-8
Let n(x) = -15*x + 7. Determine n(-6).
97
Let k(t) = -t**3 + t**2 + 3*t + 1. Give k(2).
3
Let j(u) = u**3 + 10*u**2 + 13*u - 11. Give j(-8).
13
Let j(x) = 14*x + 19. What is j(-2)?
-9
Let n(l) = 4*l + 8. Determine n(-9).
-28
Let n(b) = -b**3 - b**2 + 2*b + 4. Calculate n(2).
-4
Let f(n) = -n**2 + 24*n + 83. Calculate f(23).
106
Let c(f) = f**2 + 4*f - 9. Calculate c(-7).
12
Let m(x) = x**3 + 6*x**2 - 7. What is m(-6)?
-7
Let r(g) = 2*g**2 + 24*g - 10. What is r(-12)?
-10
Let z(c) = -c**3 - 2*c**2 - 2*c + 3. Determine z(-2).
7
Let w(k) = 5*k - 48. Calculate w(10).
2
Let z(y) = y**2 + 8*y - 3. Determine z(-6).
-15
Let h(n) = -2*n - 31. What is h(-17)?
3
Let d(i) = 7*i + 99. Calculate d(-14).
1
Let c(o) = 184*o - 1286. Determine c(7).
2
Let t(k) = 3*k - 19. Determine t(16).
29
Let k(z) = -z**3 - z**2 + 5*z - 2. Determine k(-3).
1
Let a(f) = -f**2 + f - 14. Give a(0).
-14
Let b(h) = -2*h**3 + 7*h**2 + 8*h - 6. Calculate b(4).
10
Let k(y) = -8*y - 18. What is k(-3)?
6
Let p(i) = -9*i**2 + 2*i - 2. Give p(2).
-34
Let m(i) = -3*i - 24. Determine m(9).
-51
Let x(n) = n**2 - 11*n - 3. What is x(11)?
-3
Let t(b) = -4*b**3 + b**2 + 7*b - 4. Calculate t(3).
-82
Let f(v) = 22*v - 70. Determine f(3).
-4
Let b(g) = g**2 - 24*g + 9. What is b(24)?
9
Let t(z) = 20*z + 6. What is t(2)?
46
Let h(n) = n**3 - 20*n**2 - 43*n - 27. Calculate h(22).
-5
Let u(c) = 3*c**2 - 4*c + 5. Give u(2).
9
Let j(w) = -2*w - 15. What is j(-8)?
1
Let a(m) = 3*m. Calculate a(3).
9
Let h(u) = -9*u + 13. Give h(9).
-68
Let m(q) = -q**2 - 20*q - 89. Determine m(-6).
-5
Let q(x) = -x**3 - 11*x**2 + 19*x + 78. Calculate q(-12).
-6
Let z(o) = -3*o - 2. What is z(-2)?
4
Let g(u) = -u**3 + 50*u**2 - 141*u + 5. Give g(47).
5
Let d(q) = 8*q - 183. Calculate d(22).
-7
Let a(p) = -p**3 - 5*p**2 + 4*p - 5. Give a(-6).
7
Let s(w) = -w**3 - 16*w**2 + 15*w - 27. Give s(-17).
7
Let k(i) = -2*i**3 + 20*i**2 - 2*i + 15. Determine k(10).
-5
Let p(x) = 45*x**3 + x**2 - x - 2. Determine p(-1).
-45
Let b(d) = 13*d - 1. Give b(7).
90
Let n(j) = j**2 + 6*j + 7. What is n(-6)?
7
Let o(j) = j**2 - 13*j + 56. Determine o(5).
16
Let w(p) = -p**2 + 3*p + 30. Give w(7).
2
Let p(x) = x**2 - 5*x + 5. Give p(4).
1
Let t(y) = 6*y**3 - 16*y**2 + 3*y + 4. Give t(2).
-6
Let j(p) = -10*p**2 + 15*p + 13. Give j(3).
-32
Let h(d) = d**3 - 25*d**2 + 24*d + 26. What is h(24)?
26
Let d(k) = -4*k + 51. What is d(18)?
-21
Let s(w) = -8*w - 42. Calculate s(-4).
-10
Let p(n) = 10*n - 2. What is p(1)?
8
Let l(b) = b**3 + b**2 - 2*b + 9. What is l(0)?
9
Let s(v) = v**2 - 15*v. What is s(16)?
16
Let b(y) = -y**2 - 25*y - 25. What is b(-25)?
-25
Let l(n) = 2*n**2 + 39*n - 28. Give l(-20).
-8
Let t(w) = -w**3 - 3*w**2 + 5*w + 2. What is t(-3)?
-13
Let s(m) = -7*m**2 - 7. What is s(-3)?
-70
Let k(w) = w - 6. Determine k(14).
8
Let s(z) = 2*z**3 + 25*z**2 - 14*z. Give s(-13).
13
Let l(r) = r + 18. What is l(-22)?
-4
Let l(u) = -u**2 + 10*u - 8. Determine l(10).
-8
Let m(j) = 3*j**3 + 2*j**2 - 4*j - 1. Determine m(1).
0
Let t(p) = p**2 + 16*p - 60. Calculate t(-18).
-24
Let t(a) = -a. Give t(13).
-13
Let c(w) = 2*w - 32. Determine c(9).
-14
Let n(u) = -3*u**2 + 16*u - 14. What is n(3)?
7
Let w(g) = 8*g - 4. Give w(8).
60
Let z(b) = b**2 - b - 3. Determine z(3).
3
Let i(v) = -4*v + 77. Give i(23).
-15
Let b(y) = -y**3 + 18*y**2 - 17*y + 34. Give b(17).
34
Let q(y) = -y**2 - 11*y. Determine q(6).
-102
Let m(y) = 2*y**2 + 9*y + 7. Calculate m(-5).
12
Let y(q) = q**3 + 9*q**2 + 6*q - 12. Give y(-8).
4
Let k(u) = -8*u - 11. What is k(-2)?
5
Let d(h) = -h**3 + 3*h**2 + 11*h + 12. Give d(-2).
10
Let q(u) = u**3 - 15*u**2 - 21*u + 63. Calculate q(16).
-17
Let q(a) = a**2 + 21*a + 32. What is q(-19)?